)/(((-2)/(-20))/1)?
3
What is the units digit of -4 - (-514 + 3 + -3 + 1)?
9
Let p(i) = -i**3 + i**2 + 2*i. Let c be p(-3). Suppose -s + 12 + c = 0. What is the tens digit of s?
4
Let d be (-2)/(-4)*14 - 2. Suppose -g = 4*g - 4*k - 24, 0 = -2*g + d*k + 13. Suppose -75 = -g*o - o. What is the units digit of o?
5
Let j be -4*6/8*-1. Suppose 0 = j*h - 0*h + 9. What is the units digit of (-2)/(h/306*4)?
1
Let c be 4 - -2 - 1 - (1 + 0). Suppose 76 = -c*m + 5*m. What is the tens digit of m?
7
Let m = 20 - 34. Let l be (-1056)/(-21) - (-4)/m. Let a = l - 19. What is the units digit of a?
1
Let f(a) = 33*a**2 + 8*a + 3. What is the units digit of f(-4)?
9
What is the hundreds digit of 182 + 13 - -10*(-2)/4?
1
Suppose -5*c + 5*v - 737 = -6*c, 4*c - 2879 = 3*v. What is the units digit of c?
2
Let v(i) = -i + 2. Let b be v(6). Let o(x) = x**3 + 5*x**2 + 3*x + 3. Let c be o(b). Suppose -c*d + 8*d - 20 = 0. What is the tens digit of d?
2
Let t(q) = -q + 0*q + 3*q + 80 - q**3 - 8. What is the tens digit of t(0)?
7
Let r(b) = -11*b**3 + 2*b**2 + 3*b + 2. Let u(q) = q - 16. Let f be u(14). What is the tens digit of r(f)?
9
Let x = -1380 + 1539. What is the hundreds digit of x?
1
Let v = 10 - 7. Suppose -s - 2*o = -v*s + 4, 0 = 5*s + 2*o + 18. What is the tens digit of s/15 - 2168/(-60)?
3
What is the units digit of (3 - -129) + 9/(-18)*-2?
3
What is the hundreds digit of 240/1 - (-6 + 0)?
2
Suppose -25*f + 24*f = -10. Suppose -41 = -f*j - 11. What is the units digit of j?
3
Let f be -9 - 1*(-3)/3. Let r = 19 - 2. Let p = r + f. What is the units digit of p?
9
Suppose -65 = -2*t - 17. What is the tens digit of (t/15)/(2 - (-159)/(-80))?
2
Suppose 360 = -3*q - 4*i, 3*q + 6*i + 360 = i. What is the tens digit of q/1*(-6)/9?
8
Let q(d) = -d**2 + 3*d + 33. What is the units digit of q(7)?
5
Let n(j) be the second derivative of -j**5/20 - 5*j**4/4 + 13*j**3/3 + 9*j**2/2 - 22*j. What is the units digit of n(-17)?
5
Let i = -1192 - 224. What is the units digit of (-4)/18 + (5 - i/54)?
1
Suppose 0 = 28*u + 8*u - 25092. What is the hundreds digit of u?
6
Let j be 10/15 + (-2)/3. Suppose 0 = 2*v - 4*w - 36, -v + 5*w + j*w = -9. What is the tens digit of 1000/v + (-4)/(-3)?
4
Suppose -o = -187 + 118. What is the tens digit of o?
6
Let p be ((-3)/2)/(8/(-16)). Suppose b = -3*h + 134, 5*b + p*h - 682 = -0*b. What is the units digit of b?
7
Let d = -97 - -103. Suppose 2*p - f - 156 = -d*f, 92 = p - f. What is the tens digit of p?
8
Let k = 241 - -371. What is the tens digit of k?
1
Let f = 23 + -18. Let v = 53 - f. What is the tens digit of v?
4
Let n be 2/(-4 + 3) - -2. Let v(l) = 5 + n - 1 + l. What is the units digit of v(15)?
9
Suppose 0 = 2*m + 4*m - 24. Suppose 115 = m*x - 237. Suppose x = 3*w - 38. What is the units digit of w?
2
Let u = 193 - 124. What is the tens digit of (-2 - -1) + u + (-10)/(-5)?
7
Suppose 2*i - 4581 + 1105 = 0. What is the tens digit of i?
3
Suppose -13*a - 92 = -27. Let f(l) = -16*l - 8. Let n(p) = 1. Let o(c) = f(c) - 3*n(c). What is the units digit of o(a)?
9
Let b(m) = -2*m**2 - 7*m + 4. Let l be b(-6). Let g = l - -31. Suppose -g*u + 39 = 4*x, 2*u - 4*u + 14 = 2*x. What is the tens digit of u?
1
Let i(o) = o + 1036 + 1049 - 2070. Suppose 0 = u - 5, -3*b + u - 2*u = 19. What is the units digit of i(b)?
7
Suppose -p + 2*p = 2*k + 56, 84 = -3*k - 5*p. What is the units digit of (581/k)/(2/(-8))?
3
What is the tens digit of 286/22 - (-5014)/1?
2
Let s = -1135 - -2164. What is the tens digit of s?
2
Suppose 827 = 3*i + 4*y, -5*y - 3 = 2. Let j = i + -188. What is the units digit of j?
9
Let n(f) = -43*f + 270. What is the tens digit of n(-27)?
3
Let n = -29 + 33. Suppose a - 98 = h, -a + n*h + 106 = h. What is the tens digit of a?
9
Suppose -2*w + s = -2200, -9*s + 14*s - 5500 = -5*w. What is the thousands digit of w?
1
Let a = -1 - -16. Suppose 6*h = h + a. Suppose 0 = 3*t - h*v - 33, t - 4*v - 11 = -2*v. What is the tens digit of t?
1
Let f be (-2)/(-1) - (-4 - 4). Let j = f - 6. Suppose j*n + 0*n = 16. What is the units digit of n?
4
Let t(h) = 2*h**3 - 19*h**2 - 23*h + 12. What is the tens digit of t(14)?
5
Let r(x) = -x**3 - 5 - 12*x - 6*x + x + 13*x**2. Let i be r(12). Let q = -17 - i. What is the tens digit of q?
4
Suppose -3*f + 2*f - 5*y = -669, -3*y + 3433 = 5*f. What is the units digit of f?
9
Let g = 2539 - 1708. What is the units digit of g?
1
Suppose 0 = -2*u + d + 593, 5*d = u - 4*u + 870. What is the hundreds digit of u?
2
Suppose -14*c + 10493 = 2443. What is the units digit of c?
5
Let s(r) = -r**3 + 18 + 52 - r - 4. Let i be s(0). Suppose -3*d + i = -0. What is the tens digit of d?
2
Let l(j) = 7*j**3 - 3*j**2 - 13*j + 6. What is the hundreds digit of l(5)?
7
Let b(h) = 7*h - 4. Let j(s) = s**3 + 5*s**2 + 3*s - 2. Let w be j(-4). Suppose 2*v + 22 = 4*a, -a - 2*v = -w*a + 10. What is the tens digit of b(a)?
2
Let x(a) be the third derivative of a**5/40 + a**4/2 - 2*a**3/3 - 3*a**2. Let t(w) be the first derivative of x(w). What is the tens digit of t(10)?
4
Let y = 31 + -29. Suppose -4*z + 75 = -j, 4*z - j - 35 = y*z. What is the tens digit of z?
2
Let v(o) = -o**3 - 4*o**2 + o + 6. Let l be v(-3). What is the units digit of (-460)/l*12/10?
2
Let t = -610 + 1075. What is the tens digit of t?
6
Let y(g) = g**3 - 15*g**2 - 5*g - 187. What is the hundreds digit of y(17)?
3
Let m = 425 + 409. What is the tens digit of (-3 + m/(-12))*(-4)/5?
5
Let i = 731 + -230. What is the hundreds digit of i?
5
Suppose 3*y = -2*p - 48, -y - 6*p + p - 16 = 0. Let i = y + 70. What is the units digit of i?
4
Suppose a = k + 18, 3*a + 5*k - 51 = 11. What is the units digit of a?
9
Suppose f = 4*g + 403, 0 = -5*f + 6*f + 2*g - 385. What is the hundreds digit of f?
3
Let r(q) = -38*q - 31. Suppose 0 = 2*m - c + 2, 4*c = -4*m - 28. What is the tens digit of r(m)?
8
Suppose 5*h - 5*n = -n - 1, -2*h + 4*n = 10. Let g be (-6)/15 + 474/10. Suppose -c + 3*y + 30 = c, -4*y = -h*c + g. What is the tens digit of c?
2
Suppose 2*p - 17 = 143. Suppose 4*w - p = 2*w. What is the units digit of w?
0
Let y = 106 - 26. Suppose 5*i + 3*g = 166 + y, 4*g + 12 = 0. What is the tens digit of i?
5
Let y(r) = 6*r**2 - 11*r + 5. What is the hundreds digit of y(-8)?
4
Let r(g) = -5*g**3 + 10*g**2 + 72*g + 31. What is the hundreds digit of r(-8)?
6
Suppose -3*w + x = -16, -5*w - 3*x + 10 = -26. Suppose w*u = -0*u + 330. What is the tens digit of u?
5
Let m(h) = -3*h**3 - 26*h**2 - 161*h - 10. What is the units digit of m(-11)?
8
Suppose -3*z - 81 = -0*z. Let p = z + 31. Suppose -4*r - v + 36 = 3*v, -v - 26 = -p*r. What is the units digit of r?
7
Let r = -1702 + 3359. What is the thousands digit of r?
1
What is the units digit of (-45905)/(-20) - 10/8?
4
Let q(a) be the first derivative of -3*a**2 - 18*a - 9. What is the units digit of q(-11)?
8
Suppose -17 = 2*z + 5*j, -6*j = -5*z - 2*j + 40. Let i be (3 + -1)*z - 2. Let q(n) = n**3 - 4*n**2 - 6*n - 8. What is the units digit of q(i)?
8
Let o = -50 - -47. Let k = 7 + o. What is the units digit of k?
4
Suppose 143*z - 7752 = 135*z. What is the tens digit of z?
6
Suppose -6*m = -4*m - 2. Let k(f) = f**3 - 5*f**2 - 3*f + 3. Let o be k(5). What is the tens digit of (-2)/(m/o*1)?
2
Suppose -13*q = -37*q + 28752. What is the tens digit of q?
9
Let g(c) = -28*c - 312. What is the hundreds digit of g(-37)?
7
Suppose 5 = 4*x - 67. Let c be (-4)/x + (-3584)/72. Let s = c + 75. What is the units digit of s?
5
Let d(m) = -264*m - 1093. What is the hundreds digit of d(-13)?
3
Let h(l) = l + 8. Let k be h(-6). What is the tens digit of (-2108)/(-28) + k/(-7)?
7
What is the tens digit of (-5 - -93)*30/12?
2
Suppose -d = 3*z - 0*z - 11, 0 = -2*z + 4*d + 12. What is the units digit of z?
4
Let u = 12 + -14. Let r be (u - 1)*1 - -16. Suppose -21 = -2*o + r. What is the tens digit of o?
1
What is the hundreds digit of ((-2)/1)/(8/(-9456))?
3
Let p(y) = y**2 + 21*y - 88. What is the units digit of p(24)?
2
Suppose 0 = 292*y - 295*y + 12354. What is the tens digit of y?
1
Let y = -2 - -2. Let g(z) be the third derivative of -z**4/24 + 5*z**3 - 23*z**2. What is the tens digit of g(y)?
3
Suppose 8*k - 3*k = 15, 5*r - 997 = k. Let c = r + -129. What is the units digit of c?
1
Suppose 0 = -4*s - 12, -4*r + 6794 = -0*r - 2*s. What is the tens digi